{"id":950,"date":"2018-12-15T10:39:46","date_gmt":"2018-12-15T03:39:46","guid":{"rendered":"https:\/\/scientistsontour.de\/?page_id=950"},"modified":"2018-12-28T06:55:18","modified_gmt":"2018-12-27T23:55:18","slug":"malaysia","status":"publish","type":"page","link":"https:\/\/scientistsontour.de\/?page_id=950","title":{"rendered":"Malaysia"},"content":{"rendered":"<ul class=\"lcp_catlist\" id=\"lcp_instance_0\"><li><a href=\"https:\/\/scientistsontour.de\/?p=999\">Langkawi &#8211; eine etwas andere Weihnachtsstimmung<\/a><div class=\"lcp_excerpt\">Mit einer dreist\u00fcndigen aber sehr ruhigen Fahrt mit dem Speedboat, beginnt unser erstes &#8211; bei Backpackern typischerweise sehr beliebtes &#8211; richtiges Insel-Hopping. Bisher haben wir das immer aufgeschoben, einfach nur weil es meist mit relativ viel Zeit aber auch Geld verbunden ist, nur um ein bisschen am Strand zu liegen und zu schnorcheln.\nUnd nach einer ...<\/div><\/li><li><a href=\"https:\/\/scientistsontour.de\/?p=987\">Georgetown, Penang &#8211; eine Insel, die zum Verweilen einl\u00e4dt<\/a><div class=\"lcp_excerpt\">Die Insel Penang direkt vor der K\u00fcste ist f\u00fcr uns eigentlich nur der Ausgangspunkt zu den \u201crichtigen\u201d Inseln. Um nicht 8 Stunden in Bussen und F\u00e4hren zu verbringen, entschlossen wir uns eine Nacht auf Penang zu bleiben, um einen gem\u00fctlichen Nachmittag in der Kleinstadt Georgetown zu verbringen und die F\u00e4hre zu unserer ersten Insel Langkawi ...<\/div><\/li><li><a href=\"https:\/\/scientistsontour.de\/?p=981\">Cameron Highlands &#8211; Unterwegs mit unserem ganz pers\u00f6nlichen Indian(a) Jones<\/a><div class=\"lcp_excerpt\">Um die Strecke zwischen Kuala Lumpur und dem geplanten Insel-Hopping f\u00fcr die Weihnachtszeit ein wenig aufzubrechen, entschieden wir uns den Cameron Highlands einen Besuch abzustatten. Unsere Gef\u00fchle im Vorfeld waren aufgrund verschiedener Reiseberichte zwar gemischt (Stichwort: Massentourismus), aber wir wollten es uns trotzdem nicht entgehen lassen das malaysische Hochgebirge ein wenig unter die Lupe zu ...<\/div><\/li><li><a href=\"https:\/\/scientistsontour.de\/?p=983\">Kuala Lumpur &#8211; spektakul\u00e4r unspektakul\u00e4r<\/a><div class=\"lcp_excerpt\">Wir kommen am sp\u00e4ten Nachmittag in Kuala Lumpur &#8211; bzw. im Stadtteil Bukit Bintang, wo unser Gasthaus ist &#8211; an und m\u00fcssen erfreut feststellen, dass wir damit voll ins schwarze getroffen haben. Denn nicht nur ist der ber\u00fchmte Night-Foodmarket nur 5 Minuten zu Fu\u00df entfernt, auch die gro\u00dfen Einkaufszentren (z.B. Pavillon) mit ihrem belebend wirkenden ...<\/div><\/li><\/ul>\n","protected":false},"excerpt":{"rendered":"","protected":false},"author":2,"featured_media":0,"parent":939,"menu_order":2,"comment_status":"closed","ping_status":"closed","template":"","meta":{"jetpack_post_was_ever_published":false},"_links":{"self":[{"href":"https:\/\/scientistsontour.de\/index.php?rest_route=\/wp\/v2\/pages\/950"}],"collection":[{"href":"https:\/\/scientistsontour.de\/index.php?rest_route=\/wp\/v2\/pages"}],"about":[{"href":"https:\/\/scientistsontour.de\/index.php?rest_route=\/wp\/v2\/types\/page"}],"author":[{"embeddable":true,"href":"https:\/\/scientistsontour.de\/index.php?rest_route=\/wp\/v2\/users\/2"}],"replies":[{"embeddable":true,"href":"https:\/\/scientistsontour.de\/index.php?rest_route=%2Fwp%2Fv2%2Fcomments&post=950"}],"version-history":[{"count":2,"href":"https:\/\/scientistsontour.de\/index.php?rest_route=\/wp\/v2\/pages\/950\/revisions"}],"predecessor-version":[{"id":995,"href":"https:\/\/scientistsontour.de\/index.php?rest_route=\/wp\/v2\/pages\/950\/revisions\/995"}],"up":[{"embeddable":true,"href":"https:\/\/scientistsontour.de\/index.php?rest_route=\/wp\/v2\/pages\/939"}],"wp:attachment":[{"href":"https:\/\/scientistsontour.de\/index.php?rest_route=%2Fwp%2Fv2%2Fmedia&parent=950"}],"curies":[{"name":"wp","href":"https:\/\/api.w.org\/{rel}","templated":true}]}}