{"id":880,"date":"2017-08-17T16:04:16","date_gmt":"2017-08-17T14:04:16","guid":{"rendered":"https:\/\/scientistsontour.de\/?page_id=880"},"modified":"2017-08-17T16:08:19","modified_gmt":"2017-08-17T14:08:19","slug":"boston-yucatan-2017","status":"publish","type":"page","link":"https:\/\/scientistsontour.de\/?page_id=880","title":{"rendered":"Boston + Yucatan 2017"},"content":{"rendered":"<!-- Nomad World Map - http:\/\/nomadworldmap.com --><div class=\"nwm-wrap\" ><div id=\"nwm-map-0\" class=\"nomad-world-map\" ><\/div><div class=\"nwm-destination-list\"><div class=\"nwm-back nwm-control\"><\/div><ul><\/ul><div class=\"nwm-forward nwm-control\"><\/div><\/div><\/div>\n<ul class=\"lcp_catlist\" id=\"lcp_instance_0\"><li><a href=\"https:\/\/scientistsontour.de\/?p=896\">American Wedding<\/a><div class=\"lcp_excerpt\">Nach ziemlich genau 2 Jahren ging es also zur\u00fcck nach New England, genauer gesagt nach Concord nahe Boston. Der Grund f\u00fcr die Reise war die Hochzeit von Nathan und Liza, bei Nathans Eltern waren wir auch schon vor 2 Jahren untergeschl\u00fcpft und nachdem wir immer in Kontakt geblieben sind, wurden wir zur Hochzeit und damit ...<\/div><\/li><li><a href=\"https:\/\/scientistsontour.de\/?p=898\">Auf nach Mexiko &#8211; erste Station: Tulum<\/a><div class=\"lcp_excerpt\">Das Wochenende war also vorbei und wir sa\u00dfen im Flieger \u00fcber Atlanta nach Cancun auf der Halbinsel Yucatan in Mexiko. Da wir uns\u00a0 das vornehmlich von Touristen bev\u00f6lkerte Cancun nicht antun wollten, setzten wir uns im Flughafen direkt in einen Bus ins 2h entfernte Tulum mit einen kurzen Zwischenstopp in Playa del Carmen. Unser Hostel ...<\/div><\/li><li><a href=\"https:\/\/scientistsontour.de\/?p=900\">Valladolid &#8211; Ruinen und nochmal Ruinen<\/a><div class=\"lcp_excerpt\">F\u00fcr unseren dritten Tag hatten wir uns einen Bus nach Valladolid gebucht, um dort die Ruinen Ek Balam und Chichen Itza zu besichtigen.\nNachdem wir Mittags ankamen und nach ein wenig suchen auch unser Hotel gefunden hatten, machten wir uns direkt auf mit dem Collectivo nach Ek Balam. Dieses Mal klappte das ganze innerhalb weniger Minuten, ...<\/div><\/li><li><a href=\"https:\/\/scientistsontour.de\/?p=902\">M\u00e9rida &#8211; Kolonialstadt und Dieter Bohlen<\/a><div class=\"lcp_excerpt\">M\u00e9rida sollte unsere erste mexikanische Kolonialstadt werden. Unser Besuch beschr\u00e4nkte sich haupts\u00e4chlich auf eine Stadtf\u00fchrung und ein wenig Geschlender durch einen lokalen Markt (mit super Tacos \ud83d\ude42 ). Bei der Stadtf\u00fchrung erfuhren wir so einiges \u00fcber die spanische Kolonialisierung, \u00fcber die Zeit w\u00e4hrend und nach der Sklaverei und den kurzzeitigen Wohlstand der Halbinsel auf Grund ...<\/div><\/li><li><a href=\"https:\/\/scientistsontour.de\/?p=910\">Bacalar &#8211; fast wie couchsurfing<\/a><div class=\"lcp_excerpt\">Nach der vorerst l\u00e4ngsten (aber \u00fcberaus bequemen, das sollte sich noch \u00e4ndern\u2026) Busfahrt von knapp 5 Stunden kamen wir in unserem vorerst letzten Ziel in Mexiko an, Bacalar. Bacalar ist bekannt f\u00fcr die Laguna Bacalar, auch bekannt als \u201cLagune der 7 Farben\u201d. Dazu aber sp\u00e4ter mehr, zuerst wurden wir von unseren supernetten AirBnB Hosts Georgina ...<\/div><\/li><li><a href=\"https:\/\/scientistsontour.de\/?p=913\">Durch Belize nach Flores und Tikal<\/a><div class=\"lcp_excerpt\">Nachdem wir die Grenze nun also \u00fcberquert hatten, standen wir in Belize. Urspr\u00fcnglich hatten wir ja geplant ein paar Tage in Belize zu bleiben, aber irgendwie lief uns die Zeit ein wenig davon und au\u00dferdem ist Belize einfach unversch\u00e4mt teuer. Das merkten wir auch sofort, als wir ein Taxi zum Busbahnhof nehmen wollten um dort ...<\/div><\/li><li><a href=\"https:\/\/scientistsontour.de\/?p=915\">Semuc Champey &#8211; laaange Fahrt, Off-Roading, Wasserf\u00e4lle und zwei Katalonen<\/a><div class=\"lcp_excerpt\">Wir hatten Semuc Champey schon vorher auf dem Zettel, da es nach einem passenden Zwischenstopp zwischen Flores und Antigua aussah und wir nicht schon wieder 10 Stunden in einem Minivan sitzen wollten. Naja, Satz mit X, war wohl nix. Nach ein bisschen genauerer Recherche fanden wir ein ziemlich treffendes Zitat: \u201cWer Semuc Champey besuchen m\u00f6chte, ...<\/div><\/li><li><a href=\"https:\/\/scientistsontour.de\/?p=917\">Antigua &#8211; Kolonialstadt umrahmt von Vulkanen<\/a><div class=\"lcp_excerpt\">DIe Fahrt von Lanquin nach Antigua war bei Weitem die unangenehmste Fahrt bisher. Keine Klimaanlage, Kurven ohne Ende und ein leicht irrer Fahrer. Dazu noch mitten durch Guatemala City, welches auf Grund der vielen Chicken-Busse (alte amerikanische Schulbusse, welche als \u00f6ffentlicher Nahverkehr umfunktioniert sind) einfach nur nach Diesel stinkt Aber irgendwann kamen wir dann doch ...<\/div><\/li><li><a href=\"https:\/\/scientistsontour.de\/?p=919\">Lago Atitlan &#8211; Geburtstag auf dem Vulkan<\/a><div class=\"lcp_excerpt\">Nach einer rund 3 1\/2 st\u00fcndigen Fahrt im Chickenbus (sollte man unbedingt mal gemacht haben, aber allzu lang sollte die Strecke nicht sein), waren wir in Panajachel, dem Hauptausgangspunkt f\u00fcr den Lago Atitlan. Wir hatten uns relativ viele Gedanken gemacht, welchen Vulkan wir gerne besteigen w\u00fcrden. Nachdem uns die Vulkane in Antigua nicht wirklich begeistern ...<\/div><\/li><li><a href=\"https:\/\/scientistsontour.de\/?p=934\">San Cristobal &#8211; mit wackelndem Boden zur\u00fcck nach Mexiko<\/a><div class=\"lcp_excerpt\">Die Fahrt von Lago Atitlan nach San Cristobal wurde uns mit 7-9 Stunden angepriesen. Los ging es um 6:30 in der Fr\u00fch und angekommen sind wir um 21:00. Ausnahmsweise war das aber nicht die Folge eines leeren Versprechens, sondern einfach nur Pech (gepaart mit einer geh\u00f6rigen Portion schlechte Organisation). Wir wurden n\u00e4mlich zur Grenze gefahren ...<\/div><\/li><li><a href=\"https:\/\/scientistsontour.de\/?p=925\">Palenque &#8211; zwei wundersch\u00f6ne Wasserf\u00e4lle, eine Ruine und eine laaange R\u00fcckreise<\/a><div class=\"lcp_excerpt\">Da wir wie bereits angesprochen nicht wie urspr\u00fcnglich geplant nach Cancun zur\u00fcckfliegen konnten, hatten wir uns einen anderen Plan \u00fcberlegt. Von San Cristobal aus buchten wir eine Tour zu den Ruinen in Palenque (ca. 5-6 Stunden Autofahrt entfernt), welche au\u00dferdem die beiden auf dem Weg befindlichen Wasserf\u00e4lle mit einschloss, die wir unbedingt noch sehen wollten. ...<\/div><\/li><\/ul>\n","protected":false},"excerpt":{"rendered":"","protected":false},"author":2,"featured_media":0,"parent":0,"menu_order":0,"comment_status":"closed","ping_status":"closed","template":"","meta":{"jetpack_post_was_ever_published":false},"_links":{"self":[{"href":"https:\/\/scientistsontour.de\/index.php?rest_route=\/wp\/v2\/pages\/880"}],"collection":[{"href":"https:\/\/scientistsontour.de\/index.php?rest_route=\/wp\/v2\/pages"}],"about":[{"href":"https:\/\/scientistsontour.de\/index.php?rest_route=\/wp\/v2\/types\/page"}],"author":[{"embeddable":true,"href":"https:\/\/scientistsontour.de\/index.php?rest_route=\/wp\/v2\/users\/2"}],"replies":[{"embeddable":true,"href":"https:\/\/scientistsontour.de\/index.php?rest_route=%2Fwp%2Fv2%2Fcomments&post=880"}],"version-history":[{"count":3,"href":"https:\/\/scientistsontour.de\/index.php?rest_route=\/wp\/v2\/pages\/880\/revisions"}],"predecessor-version":[{"id":883,"href":"https:\/\/scientistsontour.de\/index.php?rest_route=\/wp\/v2\/pages\/880\/revisions\/883"}],"wp:attachment":[{"href":"https:\/\/scientistsontour.de\/index.php?rest_route=%2Fwp%2Fv2%2Fmedia&parent=880"}],"curies":[{"name":"wp","href":"https:\/\/api.w.org\/{rel}","templated":true}]}}