{"id":702,"date":"2016-09-10T23:57:32","date_gmt":"2016-09-10T16:57:32","guid":{"rendered":"http:\/\/scientistsontour.de\/?page_id=702"},"modified":"2016-09-10T23:58:30","modified_gmt":"2016-09-10T16:58:30","slug":"laos","status":"publish","type":"page","link":"https:\/\/scientistsontour.de\/?page_id=702","title":{"rendered":"Laos"},"content":{"rendered":"<ul class=\"lcp_catlist\" id=\"lcp_instance_0\"><li><a href=\"https:\/\/scientistsontour.de\/?p=766\">Luang Prabang \u2013 Paradies???<\/a><div class=\"lcp_excerpt\">Luang Prabang ist das touristische Herz von Laos und wurde uns von vielen Seiten als DAS HIGHLIGHT von Laos angepriesen. Die Leser eines englischen Reisemagazins w\u00e4hlen es wohl regelm\u00e4\u00dfig zum lohnendsten St\u00e4dtereiseziel weltweit. Dementsprechend setzten wir uns voller Vorfreude in den gebuchten Mini-Van um in 7(!!!) Stunden die 350km von Luang Namtha nach Luang Prabang ...<\/div><\/li><li><a href=\"https:\/\/scientistsontour.de\/?p=760\">Luang Namtha<\/a><div class=\"lcp_excerpt\">Luang Namtha ist ein sch\u00f6ner kleiner Ort im Norden von Laos, welcher scheinbar noch nicht so wirklich bei Touristen angekommen ist, obgleich er durchaus die ben\u00f6tigte Infrastruktur mit G\u00e4steh\u00e4usern und Tourenanbietern besitzt. Vermutlich ist es eher ein Insider-Tipp f\u00fcr Wander- und Action-Touristen, aber auch f\u00fcr Leute, die gerne ethnische Minderheiten bestaunen. Alles drei gibt es ...<\/div><\/li><li><a href=\"https:\/\/scientistsontour.de\/?p=758\">Auf nach Laos \u2013 Eine laaange Busfahrt<\/a><div class=\"lcp_excerpt\">Unser prim\u00e4res Ziel in Laos war die weltber\u00fchmte UNESCO Kulturerbe Stadt Luang Prabang. Um dorthin zu gelangen, gibt es \u2013 fliegen ausgenommen \u2013 zwei M\u00f6glichkeiten:\nDie erste ist eine 2-t\u00e4gige Bootsfahrt \u00fcber den Mekong. Klang erstmal ganz gut, bis wir uns etwas tiefer mit der Materie besch\u00e4ftigten. Es gibt ein \u00f6ffentliches Boot f\u00fcr rund 25\u20ac\/Person, welches ...<\/div><\/li><\/ul>\n","protected":false},"excerpt":{"rendered":"","protected":false},"author":2,"featured_media":0,"parent":695,"menu_order":1,"comment_status":"closed","ping_status":"closed","template":"","meta":{"jetpack_post_was_ever_published":false},"_links":{"self":[{"href":"https:\/\/scientistsontour.de\/index.php?rest_route=\/wp\/v2\/pages\/702"}],"collection":[{"href":"https:\/\/scientistsontour.de\/index.php?rest_route=\/wp\/v2\/pages"}],"about":[{"href":"https:\/\/scientistsontour.de\/index.php?rest_route=\/wp\/v2\/types\/page"}],"author":[{"embeddable":true,"href":"https:\/\/scientistsontour.de\/index.php?rest_route=\/wp\/v2\/users\/2"}],"replies":[{"embeddable":true,"href":"https:\/\/scientistsontour.de\/index.php?rest_route=%2Fwp%2Fv2%2Fcomments&post=702"}],"version-history":[{"count":1,"href":"https:\/\/scientistsontour.de\/index.php?rest_route=\/wp\/v2\/pages\/702\/revisions"}],"predecessor-version":[{"id":703,"href":"https:\/\/scientistsontour.de\/index.php?rest_route=\/wp\/v2\/pages\/702\/revisions\/703"}],"up":[{"embeddable":true,"href":"https:\/\/scientistsontour.de\/index.php?rest_route=\/wp\/v2\/pages\/695"}],"wp:attachment":[{"href":"https:\/\/scientistsontour.de\/index.php?rest_route=%2Fwp%2Fv2%2Fmedia&parent=702"}],"curies":[{"name":"wp","href":"https:\/\/api.w.org\/{rel}","templated":true}]}}