{"id":1637,"date":"2024-01-26T16:01:53","date_gmt":"2024-01-26T14:01:53","guid":{"rendered":"https:\/\/scientistsontour.de\/?page_id=1637"},"modified":"2024-01-26T16:01:53","modified_gmt":"2024-01-26T14:01:53","slug":"singapur","status":"publish","type":"page","link":"https:\/\/scientistsontour.de\/?page_id=1637","title":{"rendered":"Singapur"},"content":{"rendered":"<ul class=\"lcp_catlist\" id=\"lcp_instance_0\"><li><a href=\"https:\/\/scientistsontour.de\/?p=1698\">Singapur &ndash; teuer teuer teuer&hellip;<\/a><div class=\"lcp_excerpt\">Eigentlich hatten wir geplant einig Tage in Singapur zu bleiben, aber nach einer kurzen Suche nach Unterk\u00fcnften verwerfen wir den Plan ganz schnell. Bei mind. 60\u20ac\/Nacht f\u00fcr ein Zimmer in einem Schlafsaal, nehmen wir einen Flug fr\u00fch morgens von Kuching nach Singapur (so sparen wir eine Nacht) und bleiben auch nur zwei N\u00e4chte in der ...<\/div><\/li><\/ul>\n","protected":false},"excerpt":{"rendered":"","protected":false},"author":2,"featured_media":0,"parent":1629,"menu_order":4,"comment_status":"closed","ping_status":"closed","template":"","meta":{"jetpack_post_was_ever_published":false},"_links":{"self":[{"href":"https:\/\/scientistsontour.de\/index.php?rest_route=\/wp\/v2\/pages\/1637"}],"collection":[{"href":"https:\/\/scientistsontour.de\/index.php?rest_route=\/wp\/v2\/pages"}],"about":[{"href":"https:\/\/scientistsontour.de\/index.php?rest_route=\/wp\/v2\/types\/page"}],"author":[{"embeddable":true,"href":"https:\/\/scientistsontour.de\/index.php?rest_route=\/wp\/v2\/users\/2"}],"replies":[{"embeddable":true,"href":"https:\/\/scientistsontour.de\/index.php?rest_route=%2Fwp%2Fv2%2Fcomments&post=1637"}],"version-history":[{"count":1,"href":"https:\/\/scientistsontour.de\/index.php?rest_route=\/wp\/v2\/pages\/1637\/revisions"}],"predecessor-version":[{"id":1638,"href":"https:\/\/scientistsontour.de\/index.php?rest_route=\/wp\/v2\/pages\/1637\/revisions\/1638"}],"up":[{"embeddable":true,"href":"https:\/\/scientistsontour.de\/index.php?rest_route=\/wp\/v2\/pages\/1629"}],"wp:attachment":[{"href":"https:\/\/scientistsontour.de\/index.php?rest_route=%2Fwp%2Fv2%2Fmedia&parent=1637"}],"curies":[{"name":"wp","href":"https:\/\/api.w.org\/{rel}","templated":true}]}}