{"id":1489,"date":"2022-11-19T11:20:39","date_gmt":"2022-11-19T16:20:39","guid":{"rendered":"https:\/\/scientistsontour.de\/?page_id=1489"},"modified":"2022-11-19T11:21:10","modified_gmt":"2022-11-19T16:21:10","slug":"kolumbien","status":"publish","type":"page","link":"https:\/\/scientistsontour.de\/?page_id=1489","title":{"rendered":"Kolumbien 2022"},"content":{"rendered":"<ul class=\"lcp_catlist\" id=\"lcp_instance_0\"><li><a href=\"https:\/\/scientistsontour.de\/?p=1549\">Medellin &ndash; wer braucht schon Schlaf?<\/a><div class=\"lcp_excerpt\">Die zweitgr\u00f6\u00dfte Stadt Kolumbiens wollten wir unbedingt noch sehen, sie hat n\u00e4mlich nicht nur eine bewegte Geschichte mit Drogenkartellen und Pablo Escobar, sondern soll auch eine der aufstrebendsten und aufregendsten St\u00e4dte S\u00fcdamerikas sein. Und was soll man sagen, das merkt man an den \u00dcbernachtungspreisen, aber wir werden definitiv nicht entt\u00e4uscht. Wir kommen im Viertel \u201cEl ...<\/div><\/li><li><a href=\"https:\/\/scientistsontour.de\/?p=1536\">San Andres &ndash; ab auf die Karibikinsel, nach der wohl verr&uuml;cktesten Busfahrt aller Zeiten<\/a><div class=\"lcp_excerpt\">Nach sechs Tagen wandern steht uns der Sinn nach ein paar Tagen Strand, und da bietet die Karibik doch einige gute Pl\u00e4tze\u2026  Wir entscheiden uns f\u00fcr die wohl bekannteste kolumbianische Insel San Andres, die man geografisch eigentlich eher Nicaragua zuordnen m\u00fcsste. Deshalb m\u00fcssen wir von Santa Marta zun\u00e4chst zur\u00fcck nach Cartagena um einen Flieger ...<\/div><\/li><li><a href=\"https:\/\/scientistsontour.de\/?p=1526\">Ciudad Perdida &#8211; 4 Tage Regen, Matsch und traumhafter Regenwald<\/a><div class=\"lcp_excerpt\">Zusammen mit Ruth, die wir im Dschungel von Kolumbien kennengelernt haben, werden wir am Freitagmorgen abgeholt und zwei Stunden zum Dorf El Mamey, dem Ausgangspunkt des \u201cLost City Treks\u201d gebracht. Daf\u00fcr sitzen wir im R\u00fcckraum eines allradbetriebenen Jeeps, und der ist sp\u00e4testens bei der zweiten H\u00e4lfte der Stra\u00dfe auch bitter n\u00f6tig. Es geht durch tiefste ...<\/div><\/li><li><a href=\"https:\/\/scientistsontour.de\/?p=1519\">Santa Marta &ndash; ein Nationalpark am Fu&szlig;e der Karibik<\/a><div class=\"lcp_excerpt\">Von Cartagena nach Santa Marta ist es nicht allzu weit und deshalb k\u00f6nnen wir (endlich) das kolumbianische Fernbussystem ausprobieren \u2013 das wir ja in Peru so liebgewonnen haben. Dummerweise hat sich Kerstin den Magen verdorben und so wird schon die etwas holprige Taxifahrt zum Busterminal etwas anstrengend f\u00fcr sie. Gl\u00fccklicherweise sind die Busse doch sehr ...<\/div><\/li><li><a href=\"https:\/\/scientistsontour.de\/?p=1504\">Cartagena &ndash; Koloniale Karibik<\/a><div class=\"lcp_excerpt\">Mit den Eindr\u00fccken des Amazonas im Kopf, vergeht der Flug nach Cartagena im Nu. Wir d\u00f6sen schon beim Zwischenstopp in Bogota ein und Tobi bekommt vom zweiten Flug gar nichts mehr mit. In Cartagena kommen wir erst nach Mitternacht an, fahren direkt ins Hostel und fallen sofort ins Bett. \nAm n\u00e4chsten Tag erkunden wir in ...<\/div><\/li><li><a href=\"https:\/\/scientistsontour.de\/?p=1502\">Leticia &#8211; drei L\u00e4nder, ein Wald und \u00fcberall Wasser<\/a><div class=\"lcp_excerpt\">Nach unserem Regenwalderlebnis in Peru konnten wir uns die Chance einfach nicht entgehen lassen, den echten Amazonas mit eigenen Augen zu sehen. Wobei sehen ist eigentlich untertrieben, man erlebt den Amazonas einfach mit allen Sinnen, aber der Reihe nach\u2026\nWir landen gegen Mittag in Leticia, dem Ausgangspunkt in das Amazonasgebiet von kolumbianischer Seite. Aber eigentlich spielen ...<\/div><\/li><li><a href=\"https:\/\/scientistsontour.de\/?p=1500\">Bogota &#8211; Stra\u00dfenkunst und ganz viel Lebenslust<\/a><div class=\"lcp_excerpt\">Da Kerstin erst zwei Tage nach Tobi in Bogota ankommt, ist genug Zeit die Stadt zu erkunden und auch ein paar Einheimische kennenzulernen. Tobi trifft sich mit einer Gruppe Couchsurfern, erkundet die Vielzahl von vegetarischen und veganen Restaurants und tollen Caf\u00e9s. Nach dem ausgeschlafenen Jetlag kann sich Kerstin dann direkt mit in das bogotanische Leben ...<\/div><\/li><li><a href=\"https:\/\/scientistsontour.de\/?p=1497\">Dallas &#8211; die heimliche Hauptstadt Amerikas &#8211; Echt jetzt?<\/a><div class=\"lcp_excerpt\">Bevor unsere eigentliche Reise losgehen kann, ist Tobi noch f\u00fcr die Uni in Dallas eingespannt. \nIrgendwie \u00fcbt Texas schon seinen Reiz auf uns aus, aber bisher haben wir es \u00fcber den Flughafen Dallas noch nicht hinausgeschafft. Long story, short: Verpasst haben wir nichts. Dallas hat zwar viel vom \u201eAmerican Way of Life\u201c zu bieten, aber ...<\/div><\/li><\/ul>\n","protected":false},"excerpt":{"rendered":"","protected":false},"author":2,"featured_media":0,"parent":0,"menu_order":-10,"comment_status":"closed","ping_status":"closed","template":"","meta":{"jetpack_post_was_ever_published":false},"_links":{"self":[{"href":"https:\/\/scientistsontour.de\/index.php?rest_route=\/wp\/v2\/pages\/1489"}],"collection":[{"href":"https:\/\/scientistsontour.de\/index.php?rest_route=\/wp\/v2\/pages"}],"about":[{"href":"https:\/\/scientistsontour.de\/index.php?rest_route=\/wp\/v2\/types\/page"}],"author":[{"embeddable":true,"href":"https:\/\/scientistsontour.de\/index.php?rest_route=\/wp\/v2\/users\/2"}],"replies":[{"embeddable":true,"href":"https:\/\/scientistsontour.de\/index.php?rest_route=%2Fwp%2Fv2%2Fcomments&post=1489"}],"version-history":[{"count":2,"href":"https:\/\/scientistsontour.de\/index.php?rest_route=\/wp\/v2\/pages\/1489\/revisions"}],"predecessor-version":[{"id":1491,"href":"https:\/\/scientistsontour.de\/index.php?rest_route=\/wp\/v2\/pages\/1489\/revisions\/1491"}],"wp:attachment":[{"href":"https:\/\/scientistsontour.de\/index.php?rest_route=%2Fwp%2Fv2%2Fmedia&parent=1489"}],"curies":[{"name":"wp","href":"https:\/\/api.w.org\/{rel}","templated":true}]}}